= -7507*k + 37533. What is j(5)?
-2
Let j(p) = 2*p**3 - 4*p**2 - 13*p - 11. What is j(4)?
1
Let h(y) = -6*y**3 - 4*y**2 - 7*y - 10. Calculate h(3).
-229
Let s(d) = -31*d + 594. Calculate s(19).
5
Let r(n) = -7*n**2 - 12. What is r(3)?
-75
Let q(a) = -a**2 - 6*a + 302. What is q(13)?
55
Let l(t) = -20*t + 78. What is l(13)?
-182
Let s(g) = -g**3 + 7*g**2 + 21*g - 35. Give s(9).
-8
Let l(s) = -324*s + 4596. What is l(15)?
-264
Let l(u) = u**2 - 37*u - 578. Give l(46).
-164
Let w(y) = -1189*y - 11894. Give w(-10).
-4
Let i(x) = x**2 - 35*x + 264. Determine i(25).
14
Let i(w) = 8*w**3 + w**2 - 9*w + 14. Calculate i(2).
64
Let x(h) = -6366*h + 38220. What is x(6)?
24
Let w(f) = f**3 + 86*f**2 + 827*f + 150. What is w(-75)?
0
Let j(x) = 67*x + 700. Give j(-10).
30
Let m(z) = -855*z + 874. Determine m(1).
19
Let n(k) = 435*k - 2612. Give n(6).
-2
Let a(c) = -8*c**2 - 464*c + 9. What is a(-58)?
9
Let u(c) = 15*c**2 + 193*c - 193. Give u(1).
15
Let r(l) = -l**3 + 50*l**2 - 177*l - 328. What is r(46)?
-6
Let b(t) = t**3 - 40*t**2 + 69*t + 184. What is b(38)?
-82
Let a(m) = -m**3 + 5*m**2 - 10*m + 52. Give a(5).
2
Let d(a) = 16*a - 543. Determine d(34).
1
Let v(y) = 25*y**2 + 71*y - 9. Give v(-3).
3
Let j(f) = -f**3 + 21*f**2 - 91*f - 20. Calculate j(14).
78
Let w(f) = 39*f + 30. Give w(2).
108
Let u(h) = 13*h**3 - 2*h**2 + h + 4. Determine u(-2).
-110
Let j(v) = -6*v + 119. Calculate j(10).
59
Let v(g) = 34*g + 33. Give v(-2).
-35
Let i(g) = -g**3 - 17*g**2 + 22*g + 37. What is i(-18)?
-35
Let i(a) = 89*a**2 - 4886*a - 489. Give i(55).
6
Let z(a) = -a**2 - 104*a + 2644. Determine z(-125).
19
Let b(a) = -a**3 + 3*a**2 + 49*a + 9. What is b(-7)?
156
Let o(k) = 56*k - 66. Calculate o(2).
46
Let z(m) = 2075*m - 8296. What is z(4)?
4
Let g(m) = 2861*m - 74381. What is g(26)?
5
Let g(l) = l**2 + 31*l - 106. What is g(3)?
-4
Let m(r) = -r**2 + 16*r + 176. Calculate m(33).
-385
Let o(a) = -a**2 - 18*a + 913. Give o(24).
-95
Let h(g) = 39*g**2 - 28*g + 27. Determine h(1).
38
Let d(w) = -76*w - 3817. What is d(-50)?
-17
Let m(z) = -7*z**2 + 165*z - 249. Give m(22).
-7
Let a(u) = 163*u - 742. What is a(5)?
73
Let x(b) = 12*b**2 + 1083*b + 217. Determine x(-90).
-53
Let k(x) = -256*x + 11475. What is k(45)?
-45
Let f(y) = -24*y + 188. Give f(8).
-4
Let r(q) = 49*q - 1130. Give r(25).
95
Let d(z) = 678*z + 5377. Calculate d(-8).
-47
Let w(o) = 15*o**3 - 2*o**2 - 4*o - 9. What is w(3)?
366
Let b(x) = 3*x**2 + 8*x - 35. Determine b(3).
16
Let m(y) = -5*y - 6. Give m(-24).
114
Let v(z) = z**2 + 28*z + 26. Calculate v(-11).
-161
Let b(i) = -i**3 - 8*i**2 - 33*i - 258. Calculate b(-8).
6
Let f(g) = 53*g - 494. What is f(9)?
-17
Let d(v) = 26*v - 1552. Calculate d(60).
8
Let s(x) = x**2 - 9*x - 283. Calculate s(-13).
3
Let r(t) = -11*t**2 + 59*t - 28. Calculate r(4).
32
Let v(k) = 65*k**2 + 2800*k + 208. Give v(-43).
-7
Let y(m) = -27*m**2 - 512*m - 31. Determine y(-19).
-50
Let u(z) = 3*z**2 + 17*z - 31. Calculate u(5).
129
Let j(d) = -3*d**2 + 41*d + 20. Give j(12).
80
Let f(u) = -11*u + 1902. Determine f(98).
824
Let a(s) = 47*s + 1576. What is a(-32)?
72
Let r(c) = 17*c + 74. Determine r(0).
74
Let h(t) = 2*t**2 - 79*t + 83. Calculate h(39).
44
Let o(d) = d**2 + 78*d - 243. Determine o(-81).
0
Let o(f) = -f**2 + 53*f + 360. Calculate o(58).
70
Let y(n) = -4*n**2 + 158*n - 72. Calculate y(39).
6
Let j(g) = 1214*g + 33988. What is j(-28)?
-4
Let h(w) = -2*w**2 - 165*w + 330. Determine h(2).
-8
Let h(o) = -5*o + 122. Calculate h(27).
-13
Let y(j) = -21*j - 241. Give y(-12).
11
Let l(f) = f**3 - 36*f**2 + 115*f - 1594. Calculate l(34).
4
Let h(g) = 3*g**3 - 14*g**2 + 8*g - 55. What is h(5)?
10
Let h(d) = 3426*d + 3430. Give h(-1).
4
Let k(n) = -n**2 - 4*n + 212. Determine k(17).
-145
Let t(q) = 5*q**2 + 136*q - 139. Calculate t(-28).
-27
Let c(y) = -y**3 - 20*y**2 + 76*y + 709. Calculate c(-22).
5
Let j(n) = 126*n**2 + 5*n + 3. What is j(-1)?
124
Let m(x) = -10*x - 219. Give m(-28).
61
Let z(n) = -5*n**2 + 216*n + 220. Determine z(46).
-424
Let r(m) = -14*m**2 + 40*m + 4. Determine r(3).
-2
Let l(o) = -142*o - 4. Calculate l(2).
-288
Let m(z) = -3*z**3 + 2*z**2 + 25*z - 16. Determine m(-4).
108
Let q(y) = 2457*y - 14733. What is q(6)?
9
Let i(g) = -4*g**3 - 3*g**2 - 15*g + 62. Determine i(3).
-118
Let h(w) = -504*w + 2431. Determine h(5).
-89
Let t(m) = 2*m**3 - 150*m**2 + 150*m + 152. What is t(74)?
300
Let n(h) = -h**2 + 45*h + 16. Determine n(44).
60
Let r(n) = 4*n**3 - 90*n**2 - 64*n + 414. Calculate r(23).
0
Let b(u) = 2*u**2 + 274*u + 810. Determine b(-134).
6
Let u(g) = g**2 - 102*g + 778. What is u(8)?
26
Let q(u) = u**2 + 8*u - 16. Calculate q(2).
4
Let s(w) = -w**2 - 65*w + 1165. Give s(16).
-131
Let n(v) = 13*v**2 - 3175*v + 820. Calculate n(244).
88
Let l(y) = -5*y**3 + 17*y**2 - 14*y + 34. What is l(4)?
-70
Let z(l) = l**3 + 13*l**2 - 3*l + 20. Determine z(-9).
371
Let a(v) = v**2 - 147*v + 2833. Determine a(24).
-119
Let n(o) = 24*o**2 - 11*o + 58. What is n(4)?
398
Let o(s) = -s**2 + 16*s + 33. Give o(23).
-128
Let q(r) = 6*r**3 + 4*r**2 - r - 4. Give q(-4).
-320
Let t(k) = 24*k - 43. Calculate t(3).
29
Let x(n) = 4*n**2 + 39*n + 59. Calculate x(-5).
-36
Let a(f) = 2*f**2 - 16*f + 21. Give a(5).
-9
Let i(v) = -154*v + 3071. Determine i(20).
-9
Let l(z) = 592*z + 17179. Determine l(-29).
11
Let h(o) = -55*o**2 + 311*o + 7. What is h(6)?
-107
Let c(o) = o**3 + 6*o**2 - 45*o + 22. Calculate c(4).
2
Let r(x) = -4102*x + 12307. Calculate r(3).
1
Let h(z) = -z**3 - 11*z**2 - 15*z - 85. Give h(-10).
-35
Let z(t) = -t**3 - 4*t**2 + 14*t - 21. What is z(-6)?
-33
Let q(o) = 170*o + 515. Determine q(-3).
5
Let q(b) = -b**3 - 31*b**2 + 39*b - 883. What is q(-33)?
8
Let f(l) = -646*l + 60716. Determine f(94).
-8
Let s(d) = 16*d + 952. Give s(-60).
-8
Let u(c) = -c**2 + 56. Give u(-9).
-25
Let v(w) = -3*w**3 - 10*w**2 + 13*w + 57. Give v(-3).
9
Let f(h) = h**2 + 32*h + 285. Give f(0).
285
Let s(w) = -w**3 + 42*w**2 - 110*w - 270. Determine s(39).
3
Let q(v) = -3*v**3 - 21*v**2 - 24*v - 6. Calculate q(-5).
-36
Let t(s) = -935*s + 12158. Calculate t(13).
3
Let a(c) = -2*c**3 + 28*c**2 - 71*c + 67. Give a(11).
12
Let z(b) = -8*b**3 - 185*b**2 - 25*b - 50. Determine z(-23).
-4
Let b(q) = 3*q**3 - 5*q**2 - 17*q + 79. Give b(7).
744
Let j(i) = 222*i + 1987. What is j(-9)?
-11
Let k(g) = -g**3 + 3*g**2 - 2*g - 40. What is k(5)?
-100
Let a(o) = 103*o - 175. Calculate a(2).
31
Let g(b) = 8*b**3 - 24*b**2 + 85*b - 247. Determine g(3).
8
Let d(q) = q**3 + 5*q**2 - 21*q + 7. Calculate d(-8).
-17
Let o(d) = -56*d - 22. Calculate o(3).
-190
Let y(f) = f**3 - 16*f**2 + 5*f - 73. Determine y(13).
-515
Let t(r) = 2*r**3 + 2*r**2 - 11*r + 5. What is t(3)?
44
Let d(r) = -4*r - 31. What is d(-11)?
13
Let j(g) = 8*g**3 + 565*g**2 - 214*g - 25. Determine j(-71).
46
Let p(m) = 187*m + 14789. Determine p(-79).
16
Let x(q) = -516*q + 2050. What is x(4)?
-14
Let m(i) = -126*i - 968. What is m(-7)?
-86
Let j(i) = 58*i + 5570. Give j(-96).
2
Let j(z) = 5463*z - 16387. What is j(3)?
2
Let y(q) = -q**2 - 2*q - 30. Determine y(-15).
-225
Let r(k) = 14*k**2 + 1681*k + 120. Determine r(-120).
0
Let j(h) = 91*h - 2353. Give j(26).
13
Let o(n) = n**3 - 10*n**2 + 21*n - 2. What is o(6)?
-20
Let d(u) = -u**3 + 12*u**2 - 27*u - 44. Give d(8).
-4
Let l(m) = -8*m - 110. What is l(-23)?
74
Let k(o) = -76*o + 228. What is k(4)?
-76
Let w(k) = -6*k**2 + 29*k - 60. Determine w(10).
-370
Let s(b) = -240*b - 273. Determine s(-1).
-33
Let r(w) = 2*w**3 - 37*w**2 - 17*w - 13. Calculate r(19).
25
Let m(p) = 34*p**2 + 306*p - 16. Determine m(-9).
-16
Let c(x) = 20*x**2 - 62*x + 50. Calculate c(2).
6
Let w(o) = -o**3 - 13*o**2 - 18*o - 9. Calculate w(-11).
-53
Let y(d) = -d**3 + 13*d**2 + 22*d - 92. Give y(15).
-212
Let u(d) = -207*d + 1049. Give u(5).
14
Let k(o) = -o**3 - 56*o**2 - 118*o - 546. Determine k(-54).
-6
Let x(k) = -110*k - 631. Determine x(-7).
139
Let w(t) = 7*t**2 + 17*t - 58. Calculate w(-5).
32
Let d(t) = -t**3 - 22*t**2 + 356*t + 1159. Determine d(-32).
7
Let u(g) = -g**2 - 47*g + 1602. What is u(-70)?
-8
Let h(q) = -q**3 + 23*q**2 - 113*q + 42. Calculate h(13).
263
Let o(s) = 9*s**2 - 278*s - 304. What is o(32)?
16
Let c(d) = -d**3 - 30*d**2 + 33*d + 65. Give c(-31).
3
Let d(k) = 3*k**2 - 99*k + 